NOAA-style Climate Reports

2017: Jan | Feb | Mar | Apr | May | Jun | Jul | Aug | Sep | Oct | Nov | Dec 
2016: Jan | Feb | Mar | Apr | May | Jun | Jul | Aug | Sep | Oct | Nov | Dec 
2015: Jan | Feb | Mar | Apr | May | Jun | Jul | Aug | Sep | Oct | Nov | Dec 
2014: Jan | Feb | Mar | Apr | May | Jun | Jul | Aug | Sep | Oct | Nov | Dec 
2013: Jan | Feb | Mar | Apr | May | Jun | Jul | Aug | Sep | Oct | Nov | Dec 
2012: Jan | Feb | Mar | Apr | May | Jun | Jul | Aug | Sep | Oct | Nov | Dec 
2011: Jan | Feb | Mar | Apr | May | Jun | Jul | Aug | Sep | Oct | Nov | Dec 
2010: Jan | Feb | Mar | Apr | May | Jun | Jul | Aug | Sep | Oct | Nov | Dec 
2009: Jan | Feb | Mar | Apr | May | Jun | Jul | Aug | Sep | Oct | Nov | Dec 
2008: Jan | Feb | Mar | Apr | May | Jun | Jul | Aug | Sep | Oct | Nov | Dec 
 2007: Jan | Feb | Mar | Apr | May | Jun | Jul | Aug | Sep | Oct | Nov | Dec 
 2006: Jan | Feb | Mar | Apr | May | Jun | Jul | Aug | Sep | Oct | Nov | Dec 

Report for 2017 12
MONTHLY CLIMATOLOGICAL SUMMARY for DEC. 2017 NAME: SV1DOD CITY: STATE: ELEV: 35 m LAT: 38 48' 00" N LONG: 22 42' 00" E TEMPERATURE (C), RAIN (mm), WIND SPEED (km/hr) HEAT COOL AVG MEAN DEG DEG WIND DOM DAY TEMP HIGH TIME LOW TIME DAYS DAYS RAIN SPEED HIGH TIME DIR ------------------------------------------------------------------------------------ 1 20.7 21.6 12:00 19.3 22:50 0.0 2.4 0.0 11.3 41.8 18:20 SE 2 18.1 21.9 16:30 15.3 8:40 1.2 0.8 1.6 4.8 46.7 0:30 SE 3 17.2 21.6 13:20 11.4 00:00 1.9 0.8 0.0 7.4 48.3 12:50 W 4 12.1 15.8 11:50 8.0 23:50 6.2 0.0 0.0 6.0 27.4 12:50 S 5 9.6 12.4 16:10 6.8 23:50 8.8 0.0 0.0 9.5 38.6 12:40 S 6 7.0 12.7 16:10 1.9 7:40 11.3 0.0 0.0 8.9 30.6 11:10 S 7 8.2 14.9 15:20 2.8 7:10 10.1 0.0 0.0 6.3 19.3 8:30 S 8 9.2 15.4 15:30 3.7 8:30 9.1 0.0 0.0 6.1 25.7 21:00 S 9 13.3 17.9 14:00 8.1 5:00 5.0 0.0 0.0 9.5 41.8 20:50 S 10 11.9 17.6 0:50 5.3 23:40 6.4 0.0 1.2 11.1 46.7 7:50 W 11 8.0 13.4 14:50 2.2 7:50 10.3 0.0 0.0 7.4 27.4 4:40 S 12 10.6 17.4 15:00 5.1 6:10 7.8 0.0 0.0 5.5 25.7 23:00 SSW 13 14.5 21.3 13:50 9.3 5:40 4.2 0.4 0.0 7.1 27.4 11:00 S 14 14.9 19.9 14:20 10.7 5:30 3.6 0.2 0.0 7.7 29.0 14:30 S 15 13.3 18.6 15:20 9.3 6:00 3.3 0.0 0.0 7.9 24.1 2:20 S 16 17 18 19 20 21 22 23 24 25 26 27 28 29 30 31 ------------------------------------------------------------------------------------- 12.6 21.9 2 1.9 6 89.3 4.6 2.8 7.8 48.3 3 S Max >= 32.0: 0 Max <= 0.0: 0 Min <= 0.0: 0 Min <= -18.0: 0 Max Rain: 1.60 ON 02-12-17 Days of Rain: 2 (> .2 mm) 0 (> 2 mm) 0 (> 20 mm) Heat Base: 18.3 Cool Base: 18.3 Method: Integration