NOAA-style Climate Reports

2017: Jan | Feb | Mar | Apr | May | Jun | Jul | Aug | Sep | Oct | Nov | Dec 
2016: Jan | Feb | Mar | Apr | May | Jun | Jul | Aug | Sep | Oct | Nov | Dec 
2015: Jan | Feb | Mar | Apr | May | Jun | Jul | Aug | Sep | Oct | Nov | Dec 
2014: Jan | Feb | Mar | Apr | May | Jun | Jul | Aug | Sep | Oct | Nov | Dec 
2013: Jan | Feb | Mar | Apr | May | Jun | Jul | Aug | Sep | Oct | Nov | Dec 
2012: Jan | Feb | Mar | Apr | May | Jun | Jul | Aug | Sep | Oct | Nov | Dec 
2011: Jan | Feb | Mar | Apr | May | Jun | Jul | Aug | Sep | Oct | Nov | Dec 
2010: Jan | Feb | Mar | Apr | May | Jun | Jul | Aug | Sep | Oct | Nov | Dec 
2009: Jan | Feb | Mar | Apr | May | Jun | Jul | Aug | Sep | Oct | Nov | Dec 
2008: Jan | Feb | Mar | Apr | May | Jun | Jul | Aug | Sep | Oct | Nov | Dec 
 2007: Jan | Feb | Mar | Apr | May | Jun | Jul | Aug | Sep | Oct | Nov | Dec 
 2006: Jan | Feb | Mar | Apr | May | Jun | Jul | Aug | Sep | Oct | Nov | Dec 

Report for 2017 06
MONTHLY CLIMATOLOGICAL SUMMARY for JUN. 2017 NAME: SV1DOD CITY: STATE: ELEV: 35 m LAT: 38 48' 00" N LONG: 22 42' 00" E TEMPERATURE (C), RAIN (mm), WIND SPEED (km/hr) HEAT COOL AVG MEAN DEG DEG WIND DOM DAY TEMP HIGH TIME LOW TIME DAYS DAYS RAIN SPEED HIGH TIME DIR ------------------------------------------------------------------------------------ 1 24.4 30.8 17:00 18.4 4:40 0.0 6.1 0.0 5.1 22.5 16:00 NE 2 24.9 30.1 16:50 19.4 6:00 0.0 6.6 0.0 5.3 24.1 13:50 NE 3 24.1 28.7 17:40 18.9 7:10 0.0 5.8 0.0 5.1 20.9 13:30 NE 4 23.1 28.1 15:30 17.6 6:30 0.1 4.7 0.0 5.1 25.7 16:20 NE 5 22.9 27.9 15:10 17.8 5:50 0.0 4.6 0.0 6.0 27.4 15:50 S 6 23.0 28.4 14:50 16.4 6:50 0.2 4.8 0.0 7.9 38.6 18:00 NE 7 23.0 27.7 18:10 19.2 6:30 0.0 4.7 0.2 4.0 22.5 15:50 S 8 22.9 27.8 13:40 20.1 5:00 0.0 4.6 0.2 5.1 24.1 14:50 S 9 22.8 27.4 15:10 18.5 4:40 0.0 4.4 0.0 6.9 30.6 17:00 NE 10 23.8 28.4 16:50 19.1 6:30 0.0 5.4 0.0 6.8 29.0 15:10 NE 11 19.4 21.6 12:10 15.8 17:20 0.4 1.6 5.8 5.8 40.2 16:40 S 12 21.1 25.9 18:00 16.2 5:00 0.6 3.3 0.4 5.3 29.0 14:10 S 13 23.9 31.0 16:00 16.9 6:30 0.1 5.7 0.0 6.0 22.5 6:20 S 14 26.8 34.8 16:00 20.4 4:00 0.0 8.4 0.0 6.1 25.7 2:40 NE 15 25.3 30.9 15:30 21.0 20:20 0.0 6.9 17.4 5.3 54.7 19:50 NNE 16 22.2 26.9 15:30 19.9 6:00 0.0 3.8 8.0 4.7 45.1 17:30 S 17 21.8 27.4 15:10 18.6 23:10 0.0 3.4 24.2 5.1 33.8 17:00 S 18 19.7 24.5 18:00 17.1 00:00 0.2 1.5 2.2 4.2 30.6 20:00 S 19 21.2 26.6 16:10 16.5 7:00 0.4 3.3 0.0 5.3 25.7 9:40 S 20 23.7 30.2 17:30 16.6 5:10 0.2 5.6 0.0 6.3 24.1 10:30 S 21 24.8 30.9 15:30 18.4 3:50 0.0 6.4 0.0 5.8 24.1 15:30 S 22 25.7 32.6 16:10 18.7 5:10 0.0 7.3 0.0 5.8 20.9 4:50 S 23 27.3 33.5 14:40 19.9 5:40 0.0 8.9 0.0 6.0 19.3 0:40 NE 24 28.4 35.3 14:50 21.8 6:00 0.0 10.0 0.0 4.5 24.1 4:30 S 25 28.5 34.2 14:50 23.0 6:30 0.0 10.2 0.0 4.3 22.5 15:40 S 26 27.6 33.0 16:10 22.2 6:00 0.0 9.1 0.0 3.2 17.7 17:00 NE 27 28 29 30 ------------------------------------------------------------------------------------- 23.9 35.3 24 15.8 11 2.1 147.3 58.4 5.4 54.7 15 S Max >= 32.0: 6 Max <= 0.0: 0 Min <= 0.0: 0 Min <= -18.0: 0 Max Rain: 24.21 ON 17-06-17 Days of Rain: 8 (> .2 mm) 5 (> 2 mm) 1 (> 20 mm) Heat Base: 18.3 Cool Base: 18.3 Method: Integration