NOAA-style Climate Reports

2018: Jan | Feb | Mar | Apr | May | Jun | Jul | Aug | Sep | Oct | Nov | Dec 
2017: Jan | Feb | Mar | Apr | May | Jun | Jul | Aug | Sep | Oct | Nov | Dec 
2016: Jan | Feb | Mar | Apr | May | Jun | Jul | Aug | Sep | Oct | Nov | Dec 
2015: Jan | Feb | Mar | Apr | May | Jun | Jul | Aug | Sep | Oct | Nov | Dec 
2014: Jan | Feb | Mar | Apr | May | Jun | Jul | Aug | Sep | Oct | Nov | Dec 
2013: Jan | Feb | Mar | Apr | May | Jun | Jul | Aug | Sep | Oct | Nov | Dec 
2012: Jan | Feb | Mar | Apr | May | Jun | Jul | Aug | Sep | Oct | Nov | Dec 
2011: Jan | Feb | Mar | Apr | May | Jun | Jul | Aug | Sep | Oct | Nov | Dec 
2010: Jan | Feb | Mar | Apr | May | Jun | Jul | Aug | Sep | Oct | Nov | Dec 
2009: Jan | Feb | Mar | Apr | May | Jun | Jul | Aug | Sep | Oct | Nov | Dec 
2008: Jan | Feb | Mar | Apr | May | Jun | Jul | Aug | Sep | Oct | Nov | Dec 
 2007: Jan | Feb | Mar | Apr | May | Jun | Jul | Aug | Sep | Oct | Nov | Dec 
 2006: Jan | Feb | Mar | Apr | May | Jun | Jul | Aug | Sep | Oct | Nov | Dec 

Report for 2018 09
MONTHLY CLIMATOLOGICAL SUMMARY for SEP. 2018 NAME: SV1DOD CITY: STATE: ELEV: 35 m LAT: 38 48' 00" N LONG: 22 42' 00" E TEMPERATURE (C), RAIN (mm), WIND SPEED (km/hr) HEAT COOL AVG MEAN DEG DEG WIND DOM DAY TEMP HIGH TIME LOW TIME DAYS DAYS RAIN SPEED HIGH TIME DIR ------------------------------------------------------------------------------------ 1 26.1 32.7 16:40 20.0 6:10 0.0 7.8 0.0 6.8 22.5 1:30 N 2 26.7 34.1 16:00 20.3 7:00 0.0 8.4 0.0 7.2 22.5 2:00 N 3 26.3 33.2 15:30 19.8 7:30 0.0 7.9 0.0 6.8 24.1 16:20 N 4 27.2 34.5 16:40 22.1 4:50 0.0 8.9 0.0 8.4 29.0 10:40 N 5 27.2 32.6 17:00 22.0 7:50 0.0 8.9 0.0 9.0 30.6 20:30 N 6 26.6 31.1 15:10 23.1 6:50 0.0 8.3 0.0 8.4 30.6 18:50 N 7 26.1 31.9 16:50 20.3 7:40 0.0 7.7 0.0 7.1 20.9 5:40 N 8 25.4 31.0 13:20 21.9 6:10 0.0 7.1 0.0 6.0 24.1 16:50 N 9 25.1 30.3 16:10 20.3 7:10 0.0 6.8 0.0 7.2 24.1 10:10 N 10 24.8 30.4 16:10 19.5 5:20 0.0 6.5 0.0 7.4 25.7 11:50 N 11 24.2 29.8 14:30 18.2 7:40 0.0 5.8 0.0 7.6 25.7 15:20 N 12 23.6 28.7 15:20 18.6 4:20 0.0 5.2 0.2 7.2 37.0 00:00 N 13 21.9 26.9 15:40 17.9 4:30 0.1 3.5 0.8 7.7 29.0 0:10 N 14 22.8 28.9 15:10 16.7 7:40 0.2 4.7 0.0 7.4 24.1 16:40 N 15 24.1 30.2 16:50 18.1 5:50 0.0 5.8 0.0 6.8 24.1 16:50 S 16 25.0 31.4 15:40 18.9 6:00 0.0 6.7 0.0 7.2 25.7 19:20 S 17 23.1 27.3 17:50 18.3 7:40 0.0 4.7 0.0 5.8 20.9 13:00 N 18 22.2 26.9 14:50 18.3 3:50 0.0 3.9 0.0 6.0 25.7 0:20 N 19 21.4 26.9 16:00 17.1 4:50 0.2 3.2 0.0 6.1 20.9 16:30 N 20 21.3 27.5 15:00 16.5 6:50 0.3 2.6 0.0 7.6 27.4 16:30 N 21 22 23 24 25 26 27 28 29 30 ------------------------------------------------------------------------------------- 24.6 34.5 4 16.5 20 0.7 124.3 1.0 7.2 37.0 12 N Max >= 32.0: 5 Max <= 0.0: 0 Min <= 0.0: 0 Min <= -18.0: 0 Max Rain: 0.79 ON 13-09-18 Days of Rain: 2 (> .2 mm) 0 (> 2 mm) 0 (> 20 mm) Heat Base: 18.3 Cool Base: 18.3 Method: Integration