NOAA-style Climate Reports

2019: Jan | Feb | Mar | Apr | May | Jun | Jul | Aug | Sep | Oct | Nov | Dec 
2018: Jan | Feb | Mar | Apr | May | Jun | Jul | Aug | Sep | Oct | Nov | Dec 
2017: Jan | Feb | Mar | Apr | May | Jun | Jul | Aug | Sep | Oct | Nov | Dec 
2016: Jan | Feb | Mar | Apr | May | Jun | Jul | Aug | Sep | Oct | Nov | Dec 
2015: Jan | Feb | Mar | Apr | May | Jun | Jul | Aug | Sep | Oct | Nov | Dec 
2014: Jan | Feb | Mar | Apr | May | Jun | Jul | Aug | Sep | Oct | Nov | Dec 
2013: Jan | Feb | Mar | Apr | May | Jun | Jul | Aug | Sep | Oct | Nov | Dec 
2012: Jan | Feb | Mar | Apr | May | Jun | Jul | Aug | Sep | Oct | Nov | Dec 
2011: Jan | Feb | Mar | Apr | May | Jun | Jul | Aug | Sep | Oct | Nov | Dec 
2010: Jan | Feb | Mar | Apr | May | Jun | Jul | Aug | Sep | Oct | Nov | Dec 
2009: Jan | Feb | Mar | Apr | May | Jun | Jul | Aug | Sep | Oct | Nov | Dec 
2008: Jan | Feb | Mar | Apr | May | Jun | Jul | Aug | Sep | Oct | Nov | Dec 
 2007: Jan | Feb | Mar | Apr | May | Jun | Jul | Aug | Sep | Oct | Nov | Dec 
 2006: Jan | Feb | Mar | Apr | May | Jun | Jul | Aug | Sep | Oct | Nov | Dec 

Report for 2019 03
MONTHLY CLIMATOLOGICAL SUMMARY for MAR. 2019 NAME: SV1DOD CITY: STATE: ELEV: 35 m LAT: 38 48' 00" N LONG: 22 42' 00" E TEMPERATURE (C), RAIN (mm), WIND SPEED (km/hr) HEAT COOL AVG MEAN DEG DEG WIND DOM DAY TEMP HIGH TIME LOW TIME DAYS DAYS RAIN SPEED HIGH TIME DIR ------------------------------------------------------------------------------------ 1 11.2 18.3 15:50 5.7 0:30 7.2 0.0 0.0 7.1 22.5 2:50 S 2 13.1 18.6 14:10 7.9 6:30 5.3 0.0 0.0 7.9 33.8 3:10 S 3 10.9 15.5 13:50 7.1 7:00 7.4 0.0 0.0 6.6 30.6 14:00 S 4 9.6 14.4 14:50 4.8 6:10 8.7 0.0 0.0 7.4 25.7 14:20 S 5 12.1 17.9 16:30 6.3 6:30 6.2 0.0 0.0 5.6 24.1 14:20 S 6 15.3 20.0 11:10 11.7 23:50 3.2 0.2 0.0 7.1 22.5 7:00 S 7 13.8 19.0 15:10 7.9 7:20 4.6 0.0 0.0 5.6 24.1 15:10 N 8 13.6 18.4 13:20 8.5 7:00 4.7 0.0 0.0 4.7 24.1 15:10 NE 9 14.4 20.1 16:30 8.7 7:00 4.0 0.1 0.0 4.8 27.4 22:10 S 10 16.8 21.7 11:10 12.6 3:40 2.2 0.7 0.0 8.2 24.1 0:30 S 11 16.8 21.8 12:30 10.9 4:30 2.2 0.7 0.0 9.7 37.0 17:40 S 12 12.1 16.3 12:30 3.1 23:20 6.2 0.0 26.6 9.7 51.5 22:20 N 13 6.9 9.3 15:30 3.2 0:10 11.4 0.0 10.2 7.7 38.6 0:30 S 14 8.8 12.5 14:00 3.9 6:30 9.6 0.0 24.4 6.4 24.1 13:40 S 15 8.9 12.3 17:30 6.1 23:20 9.4 0.0 1.6 6.6 25.7 1:20 S 16 12.5 18.4 16:10 6.3 0:10 5.8 0.0 0.0 8.5 24.1 7:00 S 17 15.0 21.3 17:20 8.3 6:40 3.7 0.3 0.0 6.8 24.1 2:30 S 18 14.1 19.3 14:20 8.1 5:10 4.3 0.1 0.0 5.6 20.9 13:40 S 19 13.8 19.4 14:40 8.5 7:00 4.6 0.1 0.0 6.3 22.5 0:40 NE 20 13.2 18.3 16:10 8.6 5:30 5.2 0.0 0.0 3.4 12.9 0:30 S 21 13.2 16.4 13:30 9.0 22:30 5.2 0.0 0.0 6.9 29.0 15:00 N 22 11.1 15.5 15:30 7.6 23:50 7.2 0.0 0.0 5.0 20.9 21:40 S 23 11.9 17.8 14:20 6.3 5:00 6.4 0.0 0.0 8.4 30.6 16:20 S 24 11.7 17.2 16:10 7.0 7:10 6.7 0.0 0.0 5.5 19.3 0:30 S 25 12.4 18.1 15:00 6.6 5:20 5.9 0.0 0.0 6.9 27.4 15:10 NE 26 13.3 18.1 15:00 8.7 3:40 4.3 0.0 0.0 4.3 32.2 15:10 N 27 28 29 30 31 ------------------------------------------------------------------------------------- 12.6 21.8 11 3.1 12 151.7 2.1 62.8 6.6 51.5 12 S Max >= 32.0: 0 Max <= 0.0: 0 Min <= 0.0: 0 Min <= -18.0: 0 Max Rain: 26.59 ON 12-03-19 Days of Rain: 4 (> .2 mm) 3 (> 2 mm) 2 (> 20 mm) Heat Base: 18.3 Cool Base: 18.3 Method: Integration