NOAA-style Climate Reports

2019: Jan | Feb | Mar | Apr | May | Jun | Jul | Aug | Sep | Oct | Nov | Dec 
2018: Jan | Feb | Mar | Apr | May | Jun | Jul | Aug | Sep | Oct | Nov | Dec 
2017: Jan | Feb | Mar | Apr | May | Jun | Jul | Aug | Sep | Oct | Nov | Dec 
2016: Jan | Feb | Mar | Apr | May | Jun | Jul | Aug | Sep | Oct | Nov | Dec 
2015: Jan | Feb | Mar | Apr | May | Jun | Jul | Aug | Sep | Oct | Nov | Dec 
2014: Jan | Feb | Mar | Apr | May | Jun | Jul | Aug | Sep | Oct | Nov | Dec 
2013: Jan | Feb | Mar | Apr | May | Jun | Jul | Aug | Sep | Oct | Nov | Dec 
2012: Jan | Feb | Mar | Apr | May | Jun | Jul | Aug | Sep | Oct | Nov | Dec 
2011: Jan | Feb | Mar | Apr | May | Jun | Jul | Aug | Sep | Oct | Nov | Dec 
2010: Jan | Feb | Mar | Apr | May | Jun | Jul | Aug | Sep | Oct | Nov | Dec 
2009: Jan | Feb | Mar | Apr | May | Jun | Jul | Aug | Sep | Oct | Nov | Dec 
2008: Jan | Feb | Mar | Apr | May | Jun | Jul | Aug | Sep | Oct | Nov | Dec 
 2007: Jan | Feb | Mar | Apr | May | Jun | Jul | Aug | Sep | Oct | Nov | Dec 
 2006: Jan | Feb | Mar | Apr | May | Jun | Jul | Aug | Sep | Oct | Nov | Dec 

Report for 2019 08
MONTHLY CLIMATOLOGICAL SUMMARY for AUG. 2019 NAME: SV1DOD CITY: STATE: ELEV: 35 m LAT: 38 48' 00" N LONG: 22 42' 00" E TEMPERATURE (C), RAIN (mm), WIND SPEED (km/hr) HEAT COOL AVG MEAN DEG DEG WIND DOM DAY TEMP HIGH TIME LOW TIME DAYS DAYS RAIN SPEED HIGH TIME DIR ------------------------------------------------------------------------------------ 1 29.8 35.9 14:50 23.8 5:00 0.0 11.4 0.0 6.4 20.9 2:00 N 2 29.2 33.9 15:30 24.6 6:20 0.0 10.9 0.0 6.4 30.6 16:30 N 3 30.7 39.3 17:40 23.4 7:00 0.0 12.4 0.0 6.4 29.0 23:10 N 4 29.4 33.0 15:20 25.8 00:00 0.0 11.1 0.0 9.2 30.6 18:00 N 5 26.6 30.6 17:30 22.7 6:00 0.0 8.3 0.0 6.0 25.7 13:00 N 6 26.2 31.3 15:10 20.4 7:40 0.0 7.8 0.0 6.0 24.1 19:10 N 7 26.6 32.5 14:50 19.7 7:20 0.0 8.2 0.0 6.4 22.5 15:30 N 8 27.4 33.9 15:30 20.3 6:20 0.0 9.1 0.0 6.6 27.4 16:10 N 9 28.7 35.1 14:40 21.4 6:20 0.0 10.3 0.0 7.2 32.2 16:00 N 10 29.2 34.8 15:40 22.7 7:00 0.0 10.9 0.0 7.6 29.0 18:00 N 11 28.9 34.2 16:20 23.5 6:30 0.0 10.5 0.0 7.7 35.4 17:10 N 12 27.5 33.0 14:00 21.2 7:20 0.0 9.2 0.0 7.1 33.8 16:40 N 13 27.4 33.1 16:20 21.1 5:30 0.0 9.1 0.0 6.8 33.8 17:20 N 14 27.2 33.3 15:20 21.7 4:00 0.0 8.9 0.0 7.2 30.6 17:00 N 15 27.1 32.5 17:10 22.2 6:00 0.0 8.7 0.0 7.6 37.0 16:10 N 16 25.8 30.9 15:50 20.7 6:50 0.0 7.5 0.0 6.3 25.7 15:30 N 17 25.8 30.4 14:20 21.4 7:00 0.0 7.4 0.0 7.4 38.6 1:30 N 18 25.1 30.6 16:10 19.1 7:00 0.0 6.4 0.0 6.9 27.4 18:10 S 19 20 21 22 23 24 25 26 27 28 29 30 31 ------------------------------------------------------------------------------------- 27.7 39.3 3 19.1 18 0.0 168.2 0.0 7.0 38.6 17 N Max >= 32.0: 13 Max <= 0.0: 0 Min <= 0.0: 0 Min <= -18.0: 0 Max Rain: 0.00 ON 01-08-19 Days of Rain: 0 (> .2 mm) 0 (> 2 mm) 0 (> 20 mm) Heat Base: 18.3 Cool Base: 18.3 Method: Integration