NOAA-style Climate Reports

2017: Jan | Feb | Mar | Apr | May | Jun | Jul | Aug | Sep | Oct | Nov | Dec 
2016: Jan | Feb | Mar | Apr | May | Jun | Jul | Aug | Sep | Oct | Nov | Dec 
2015: Jan | Feb | Mar | Apr | May | Jun | Jul | Aug | Sep | Oct | Nov | Dec 
2014: Jan | Feb | Mar | Apr | May | Jun | Jul | Aug | Sep | Oct | Nov | Dec 
2013: Jan | Feb | Mar | Apr | May | Jun | Jul | Aug | Sep | Oct | Nov | Dec 
2012: Jan | Feb | Mar | Apr | May | Jun | Jul | Aug | Sep | Oct | Nov | Dec 
2011: Jan | Feb | Mar | Apr | May | Jun | Jul | Aug | Sep | Oct | Nov | Dec 
2010: Jan | Feb | Mar | Apr | May | Jun | Jul | Aug | Sep | Oct | Nov | Dec 
2009: Jan | Feb | Mar | Apr | May | Jun | Jul | Aug | Sep | Oct | Nov | Dec 
2008: Jan | Feb | Mar | Apr | May | Jun | Jul | Aug | Sep | Oct | Nov | Dec 
 2007: Jan | Feb | Mar | Apr | May | Jun | Jul | Aug | Sep | Oct | Nov | Dec 
 2006: Jan | Feb | Mar | Apr | May | Jun | Jul | Aug | Sep | Oct | Nov | Dec 

Report for 2017 10
MONTHLY CLIMATOLOGICAL SUMMARY for OCT. 2017 NAME: SV1DOD CITY: STATE: ELEV: 35 m LAT: 38 48' 00" N LONG: 22 42' 00" E TEMPERATURE (C), RAIN (mm), WIND SPEED (km/hr) HEAT COOL AVG MEAN DEG DEG WIND DOM DAY TEMP HIGH TIME LOW TIME DAYS DAYS RAIN SPEED HIGH TIME DIR ------------------------------------------------------------------------------------ 1 16.7 20.1 13:30 13.2 7:50 1.8 0.2 0.0 5.5 29.0 16:20 S 2 16.2 19.7 16:00 14.2 23:30 2.3 0.2 4.2 3.9 20.9 15:30 S 3 16.6 21.3 15:20 12.3 6:40 2.6 0.7 0.0 6.4 22.5 17:00 S 4 17.3 22.9 15:20 12.6 7:50 2.2 1.2 0.0 5.8 22.5 17:50 S 5 18.7 24.0 15:30 13.4 8:00 1.4 1.8 0.0 6.1 20.9 23:10 S 6 20.9 25.9 16:00 16.8 4:50 0.2 2.8 0.0 6.8 30.6 5:00 S 7 20.1 26.9 12:50 15.8 00:00 0.3 2.0 0.8 7.2 43.5 13:10 S 8 16.0 21.6 17:30 12.1 8:00 2.8 0.5 0.0 10.8 38.6 2:20 WSW 9 15.8 22.3 15:40 10.2 8:00 3.3 0.8 0.0 7.1 22.5 3:00 S 10 16.5 22.2 16:10 10.4 7:30 2.8 1.0 0.0 7.1 27.4 15:30 S 11 16.6 22.0 16:00 12.3 7:50 2.6 0.8 0.0 5.3 19.3 2:10 S 12 17.1 23.3 15:40 11.0 8:00 2.7 1.4 0.0 6.3 19.3 3:50 S 13 18.1 24.9 16:30 12.1 7:40 2.1 1.8 0.0 6.6 20.9 2:10 S 14 19.0 25.3 14:50 12.7 7:50 1.6 2.2 0.0 6.8 22.5 11:00 S 15 17.8 23.2 16:30 13.5 7:40 1.8 1.3 0.0 5.5 17.7 4:00 S 16 18.8 25.6 14:40 12.6 6:30 1.8 2.2 0.0 5.5 22.5 3:40 S 17 18.3 24.7 15:40 13.4 7:50 1.7 1.7 0.0 6.1 22.5 16:50 S 18 18.2 25.3 14:50 13.3 7:00 1.8 1.7 0.0 6.4 24.1 23:00 S 19 14.7 17.3 9:40 13.4 8:00 1.4 0.0 0.0 8.5 20.9 5:50 S 20 21 22 23 24 25 26 27 28 29 30 31 ------------------------------------------------------------------------------------- 17.5 26.9 7 10.2 9 37.2 24.3 5.0 6.5 43.5 7 S Max >= 32.0: 0 Max <= 0.0: 0 Min <= 0.0: 0 Min <= -18.0: 0 Max Rain: 4.19 ON 02-10-17 Days of Rain: 2 (> .2 mm) 1 (> 2 mm) 0 (> 20 mm) Heat Base: 18.3 Cool Base: 18.3 Method: Integration