NOAA-style Climate Reports

2019: Jan | Feb | Mar | Apr | May | Jun | Jul | Aug | Sep | Oct | Nov | Dec 
2018: Jan | Feb | Mar | Apr | May | Jun | Jul | Aug | Sep | Oct | Nov | Dec 
2017: Jan | Feb | Mar | Apr | May | Jun | Jul | Aug | Sep | Oct | Nov | Dec 
2016: Jan | Feb | Mar | Apr | May | Jun | Jul | Aug | Sep | Oct | Nov | Dec 
2015: Jan | Feb | Mar | Apr | May | Jun | Jul | Aug | Sep | Oct | Nov | Dec 
2014: Jan | Feb | Mar | Apr | May | Jun | Jul | Aug | Sep | Oct | Nov | Dec 
2013: Jan | Feb | Mar | Apr | May | Jun | Jul | Aug | Sep | Oct | Nov | Dec 
2012: Jan | Feb | Mar | Apr | May | Jun | Jul | Aug | Sep | Oct | Nov | Dec 
2011: Jan | Feb | Mar | Apr | May | Jun | Jul | Aug | Sep | Oct | Nov | Dec 
2010: Jan | Feb | Mar | Apr | May | Jun | Jul | Aug | Sep | Oct | Nov | Dec 
2009: Jan | Feb | Mar | Apr | May | Jun | Jul | Aug | Sep | Oct | Nov | Dec 
2008: Jan | Feb | Mar | Apr | May | Jun | Jul | Aug | Sep | Oct | Nov | Dec 
 2007: Jan | Feb | Mar | Apr | May | Jun | Jul | Aug | Sep | Oct | Nov | Dec 
 2006: Jan | Feb | Mar | Apr | May | Jun | Jul | Aug | Sep | Oct | Nov | Dec 

Report for 2019 05
MONTHLY CLIMATOLOGICAL SUMMARY for MAY. 2019 NAME: SV1DOD CITY: STATE: ELEV: 35 m LAT: 38 48' 00" N LONG: 22 42' 00" E TEMPERATURE (C), RAIN (mm), WIND SPEED (km/hr) HEAT COOL AVG MEAN DEG DEG WIND DOM DAY TEMP HIGH TIME LOW TIME DAYS DAYS RAIN SPEED HIGH TIME DIR ------------------------------------------------------------------------------------ 1 16.7 20.8 19:20 11.8 7:10 2.2 0.5 0.0 9.3 30.6 0:40 N 2 17.0 23.2 15:40 10.3 5:50 2.5 1.1 0.0 8.9 29.0 9:50 N 3 17.8 23.3 16:40 11.8 4:50 2.0 1.4 0.0 8.4 33.8 16:10 N 4 16.1 18.4 14:30 13.9 00:00 2.3 0.0 0.0 6.3 30.6 15:10 N 5 18.1 24.7 15:50 11.9 5:50 1.9 1.7 0.0 6.4 29.0 16:20 N 6 18.2 24.2 14:30 12.8 00:00 1.7 1.6 0.0 10.9 41.8 16:20 N 7 15.6 21.0 18:00 10.4 6:20 3.1 0.3 0.2 9.5 41.8 12:40 N 8 15.9 20.4 15:40 12.7 2:00 2.6 0.2 0.0 7.7 32.2 17:00 N 9 15.9 21.9 17:10 9.7 4:10 3.1 0.6 0.0 7.1 30.6 16:00 N 10 19.8 25.4 16:30 13.9 7:10 0.8 2.3 0.0 7.7 29.0 7:00 N 11 20.0 25.3 15:00 14.9 6:30 0.7 2.4 0.0 7.4 32.2 15:50 NE 12 19.3 24.6 17:10 13.0 6:50 1.3 2.2 0.0 6.9 32.2 13:30 S 13 17.3 19.8 18:50 14.6 7:50 1.2 0.2 2.6 7.7 37.0 14:10 N 14 18.7 23.2 16:00 14.4 7:00 1.1 1.4 0.0 6.6 35.4 18:40 N 15 18.7 23.8 16:10 12.1 6:50 1.3 1.6 0.0 8.2 32.2 17:50 NE 16 18.4 23.8 16:00 13.4 6:10 1.4 1.5 0.0 6.8 32.2 16:40 N 17 19.1 24.9 15:40 13.7 3:10 1.3 2.0 0.0 4.8 19.3 11:30 S 18 20.3 26.4 17:40 13.7 6:50 1.1 3.0 0.0 7.4 29.0 15:30 NE 19 21.3 27.4 19:30 16.3 6:20 0.3 3.2 0.0 6.4 37.0 18:10 NE 20 20.7 25.4 18:50 16.5 6:30 0.2 2.6 0.0 6.1 24.1 14:50 NE 21 22.1 29.9 18:20 15.7 6:40 0.3 4.1 0.0 6.4 24.1 16:00 ENE 22 19.4 22.8 13:00 15.3 6:00 0.6 1.7 0.0 6.1 25.7 15:30 S 23 20.9 27.1 16:50 14.1 6:00 0.9 3.5 0.0 6.9 29.0 15:50 N 24 20.4 25.2 17:50 15.4 5:10 0.4 2.5 0.0 6.1 24.1 11:20 N 25 21.8 27.2 16:10 15.9 5:40 0.3 3.8 0.0 7.7 27.4 16:50 N 26 18.0 18.6 0:10 17.7 0:50 0.1 0.0 0.0 7.4 17.7 0:50 N 27 28 29 30 31 ------------------------------------------------------------------------------------- 18.7 29.9 21 9.7 9 34.7 45.4 2.8 7.4 41.8 6 N Max >= 32.0: 0 Max <= 0.0: 0 Min <= 0.0: 0 Min <= -18.0: 0 Max Rain: 2.59 ON 13-05-19 Days of Rain: 2 (> .2 mm) 1 (> 2 mm) 0 (> 20 mm) Heat Base: 18.3 Cool Base: 18.3 Method: Integration