NOAA-style Climate Reports

2017: Jan | Feb | Mar | Apr | May | Jun | Jul | Aug | Sep | Oct | Nov | Dec 
2016: Jan | Feb | Mar | Apr | May | Jun | Jul | Aug | Sep | Oct | Nov | Dec 
2015: Jan | Feb | Mar | Apr | May | Jun | Jul | Aug | Sep | Oct | Nov | Dec 
2014: Jan | Feb | Mar | Apr | May | Jun | Jul | Aug | Sep | Oct | Nov | Dec 
2013: Jan | Feb | Mar | Apr | May | Jun | Jul | Aug | Sep | Oct | Nov | Dec 
2012: Jan | Feb | Mar | Apr | May | Jun | Jul | Aug | Sep | Oct | Nov | Dec 
2011: Jan | Feb | Mar | Apr | May | Jun | Jul | Aug | Sep | Oct | Nov | Dec 
2010: Jan | Feb | Mar | Apr | May | Jun | Jul | Aug | Sep | Oct | Nov | Dec 
2009: Jan | Feb | Mar | Apr | May | Jun | Jul | Aug | Sep | Oct | Nov | Dec 
2008: Jan | Feb | Mar | Apr | May | Jun | Jul | Aug | Sep | Oct | Nov | Dec 
 2007: Jan | Feb | Mar | Apr | May | Jun | Jul | Aug | Sep | Oct | Nov | Dec 
 2006: Jan | Feb | Mar | Apr | May | Jun | Jul | Aug | Sep | Oct | Nov | Dec 

Report for 2017 08
MONTHLY CLIMATOLOGICAL SUMMARY for AUG. 2017 NAME: SV1DOD CITY: STATE: ELEV: 35 m LAT: 38 48' 00" N LONG: 22 42' 00" E TEMPERATURE (C), RAIN (mm), WIND SPEED (km/hr) HEAT COOL AVG MEAN DEG DEG WIND DOM DAY TEMP HIGH TIME LOW TIME DAYS DAYS RAIN SPEED HIGH TIME DIR ------------------------------------------------------------------------------------ 1 25.9 30.8 14:40 19.9 7:00 0.0 7.6 0.0 7.7 35.4 16:10 S 2 26.9 32.8 15:30 19.8 6:40 0.0 8.6 0.0 7.6 32.2 17:00 S 3 28.4 34.3 16:40 21.7 6:30 0.0 10.1 0.0 6.8 29.0 17:00 S 4 29.6 35.4 14:00 22.5 6:20 0.0 11.3 0.0 7.6 29.0 15:20 SSW 5 30.2 36.8 13:10 23.6 5:30 0.0 11.8 0.0 8.4 30.6 14:50 SSW 6 31.1 37.4 17:30 23.3 6:30 0.0 12.7 0.0 7.7 27.4 15:10 S 7 31.3 37.6 15:20 25.2 6:10 0.0 13.0 0.0 6.3 24.1 16:00 S 8 30.2 34.9 15:30 25.3 6:10 0.0 11.8 0.0 6.6 25.7 12:50 NE 9 29.4 34.4 16:30 24.6 6:10 0.0 11.1 0.0 6.0 32.2 18:10 S 10 29.3 34.3 17:00 23.6 6:50 0.0 11.0 0.0 5.8 30.6 16:30 S 11 29.6 34.9 17:00 23.7 4:40 0.0 11.2 0.0 6.1 24.1 13:50 S 12 29.6 34.6 14:50 24.1 7:50 0.0 11.2 0.0 7.2 30.6 15:50 S 13 29.2 34.2 16:40 25.0 6:10 0.0 10.8 0.0 10.0 40.2 2:20 SW 14 26.8 30.8 15:40 23.2 5:40 0.0 8.5 0.0 9.2 33.8 8:50 NE 15 26.6 31.8 15:20 20.8 5:10 0.0 8.3 0.0 6.1 24.1 17:30 S 16 28.1 34.1 16:50 22.3 3:10 0.0 9.8 0.0 5.5 22.5 16:10 S 17 28.1 32.8 13:40 22.2 6:20 0.0 9.8 0.0 8.4 40.2 13:50 S 18 28.1 33.7 15:40 22.3 7:20 0.0 9.7 0.0 7.1 33.8 13:20 S 19 27.9 33.8 15:20 21.8 7:10 0.0 9.6 0.0 8.7 33.8 15:10 S 20 27.7 34.0 15:20 20.9 7:10 0.0 9.3 0.0 7.4 25.7 16:00 NE 21 26.1 29.7 14:30 23.9 6:20 0.0 4.7 0.0 5.6 29.0 11:40 S 22 23 24 25 26 27 28 29 30 31 ------------------------------------------------------------------------------------- 28.6 37.6 7 19.8 2 0.0 211.8 0.0 7.2 40.2 13 S Max >= 32.0: 17 Max <= 0.0: 0 Min <= 0.0: 0 Min <= -18.0: 0 Max Rain: 0.00 ON 01-08-17 Days of Rain: 0 (> .2 mm) 0 (> 2 mm) 0 (> 20 mm) Heat Base: 18.3 Cool Base: 18.3 Method: Integration