NOAA-style Climate Reports

2017: Jan | Feb | Mar | Apr | May | Jun | Jul | Aug | Sep | Oct | Nov | Dec 
2016: Jan | Feb | Mar | Apr | May | Jun | Jul | Aug | Sep | Oct | Nov | Dec 
2015: Jan | Feb | Mar | Apr | May | Jun | Jul | Aug | Sep | Oct | Nov | Dec 
2014: Jan | Feb | Mar | Apr | May | Jun | Jul | Aug | Sep | Oct | Nov | Dec 
2013: Jan | Feb | Mar | Apr | May | Jun | Jul | Aug | Sep | Oct | Nov | Dec 
2012: Jan | Feb | Mar | Apr | May | Jun | Jul | Aug | Sep | Oct | Nov | Dec 
2011: Jan | Feb | Mar | Apr | May | Jun | Jul | Aug | Sep | Oct | Nov | Dec 
2010: Jan | Feb | Mar | Apr | May | Jun | Jul | Aug | Sep | Oct | Nov | Dec 
2009: Jan | Feb | Mar | Apr | May | Jun | Jul | Aug | Sep | Oct | Nov | Dec 
2008: Jan | Feb | Mar | Apr | May | Jun | Jul | Aug | Sep | Oct | Nov | Dec 
 2007: Jan | Feb | Mar | Apr | May | Jun | Jul | Aug | Sep | Oct | Nov | Dec 
 2006: Jan | Feb | Mar | Apr | May | Jun | Jul | Aug | Sep | Oct | Nov | Dec 

Report for 2017 05
MONTHLY CLIMATOLOGICAL SUMMARY for MAY. 2017 NAME: SV1DOD CITY: STATE: ELEV: 35 m LAT: 38 48' 00" N LONG: 22 42' 00" E TEMPERATURE (C), RAIN (mm), WIND SPEED (km/hr) HEAT COOL AVG MEAN DEG DEG WIND DOM DAY TEMP HIGH TIME LOW TIME DAYS DAYS RAIN SPEED HIGH TIME DIR ------------------------------------------------------------------------------------ 1 18.8 24.6 16:30 14.6 5:30 1.4 1.8 0.0 5.3 25.7 17:50 NE 2 19.6 26.2 15:40 13.1 6:20 1.4 2.7 0.0 7.2 27.4 17:10 S 3 19.9 26.2 16:40 13.7 5:30 1.2 2.8 0.0 7.1 25.7 3:50 S 4 20.2 26.3 15:10 13.7 6:50 1.1 2.9 0.0 6.8 30.6 15:30 S 5 22.2 29.6 16:20 14.9 6:30 0.5 4.3 0.0 9.2 38.6 16:20 S 6 21.8 28.0 15:00 16.6 6:50 0.2 3.7 0.0 8.0 27.4 19:00 S 7 21.6 29.9 16:10 14.3 6:20 0.7 3.9 0.0 7.2 46.7 17:50 S 8 22.0 28.7 16:40 14.9 7:30 0.3 4.0 0.0 6.4 22.5 1:20 NE 9 19.9 26.6 16:00 13.2 6:50 1.1 2.7 0.0 10.5 48.3 11:50 S 10 19.6 24.2 16:40 14.5 4:10 0.8 2.1 0.0 7.1 27.4 16:40 S 11 18.9 24.1 14:30 12.9 6:00 1.3 1.9 0.0 5.1 22.5 13:00 S 12 20.9 26.2 18:10 16.2 5:20 0.4 3.0 0.0 4.7 27.4 15:40 S 13 25.4 33.6 18:00 16.9 7:00 0.1 7.1 0.0 4.2 29.0 3:00 NE 14 26.4 31.8 15:50 20.7 00:00 0.0 8.1 0.0 7.2 25.7 10:00 NE 15 22.0 27.3 14:50 17.1 6:30 0.1 3.7 2.6 7.1 33.8 15:50 NE 16 18.6 21.3 15:00 16.4 6:20 0.6 0.8 0.2 4.2 20.9 14:50 SSE 17 16.6 18.0 1:20 14.9 8:50 1.7 0.0 14.6 6.4 29.0 22:30 NNE 18 14.8 16.7 13:30 13.1 23:30 3.5 0.0 3.4 4.3 22.5 0:20 SSW 19 17.1 22.9 17:10 10.9 5:30 2.5 1.2 0.0 7.7 30.6 18:20 NE 20 18.6 25.1 18:40 11.6 6:40 1.8 2.1 0.0 7.6 25.7 14:20 S 21 19.3 26.4 12:50 14.3 23:00 1.0 2.0 18.6 8.7 30.6 16:40 S 22 19.5 26.7 17:00 12.7 6:40 1.6 2.8 2.8 6.6 30.6 10:00 SSW 23 20.9 25.9 15:40 15.9 7:10 0.4 3.0 0.0 6.1 32.2 13:40 S 24 17.9 23.3 12:30 15.0 4:30 0.7 0.5 0.0 5.1 24.1 12:20 S 25 26 27 28 29 30 31 ------------------------------------------------------------------------------------- 20.1 33.6 13 10.9 19 24.5 67.1 42.2 6.7 48.3 9 S Max >= 32.0: 1 Max <= 0.0: 0 Min <= 0.0: 0 Min <= -18.0: 0 Max Rain: 18.59 ON 21-05-17 Days of Rain: 6 (> .2 mm) 5 (> 2 mm) 0 (> 20 mm) Heat Base: 18.3 Cool Base: 18.3 Method: Integration