NOAA-style Climate Reports

2019: Jan | Feb | Mar | Apr | May | Jun | Jul | Aug | Sep | Oct | Nov | Dec 
2018: Jan | Feb | Mar | Apr | May | Jun | Jul | Aug | Sep | Oct | Nov | Dec 
2017: Jan | Feb | Mar | Apr | May | Jun | Jul | Aug | Sep | Oct | Nov | Dec 
2016: Jan | Feb | Mar | Apr | May | Jun | Jul | Aug | Sep | Oct | Nov | Dec 
2015: Jan | Feb | Mar | Apr | May | Jun | Jul | Aug | Sep | Oct | Nov | Dec 
2014: Jan | Feb | Mar | Apr | May | Jun | Jul | Aug | Sep | Oct | Nov | Dec 
2013: Jan | Feb | Mar | Apr | May | Jun | Jul | Aug | Sep | Oct | Nov | Dec 
2012: Jan | Feb | Mar | Apr | May | Jun | Jul | Aug | Sep | Oct | Nov | Dec 
2011: Jan | Feb | Mar | Apr | May | Jun | Jul | Aug | Sep | Oct | Nov | Dec 
2010: Jan | Feb | Mar | Apr | May | Jun | Jul | Aug | Sep | Oct | Nov | Dec 
2009: Jan | Feb | Mar | Apr | May | Jun | Jul | Aug | Sep | Oct | Nov | Dec 
2008: Jan | Feb | Mar | Apr | May | Jun | Jul | Aug | Sep | Oct | Nov | Dec 
 2007: Jan | Feb | Mar | Apr | May | Jun | Jul | Aug | Sep | Oct | Nov | Dec 
 2006: Jan | Feb | Mar | Apr | May | Jun | Jul | Aug | Sep | Oct | Nov | Dec 

Report for 2019 01
MONTHLY CLIMATOLOGICAL SUMMARY for JAN. 2019 NAME: SV1DOD CITY: STATE: ELEV: 35 m LAT: 38 48' 00" N LONG: 22 42' 00" E TEMPERATURE (C), RAIN (mm), WIND SPEED (km/hr) HEAT COOL AVG MEAN DEG DEG WIND DOM DAY TEMP HIGH TIME LOW TIME DAYS DAYS RAIN SPEED HIGH TIME DIR ------------------------------------------------------------------------------------ 1 4.9 6.2 20:50 3.0 0:50 13.4 0.0 28.6 7.7 49.9 4:20 N 2 6.1 10.7 15:50 2.7 22:20 12.3 0.0 0.2 6.4 25.7 0:50 S 3 2.4 4.9 3:50 0.7 10:40 15.9 0.0 22.4 10.3 38.6 14:40 N 4 1.1 2.8 12:00 -0.7 23:50 17.3 0.0 0.2 5.3 22.5 2:50 N 5 0.6 2.7 15:40 -1.2 00:00 17.8 0.0 1.6 11.7 41.8 10:50 WSW 6 2.2 7.7 14:00 -3.4 6:50 16.2 0.0 0.0 7.9 32.2 14:20 S 7 2.3 5.8 13:30 -0.4 7:30 16.0 0.0 0.0 9.0 33.8 22:00 S 8 -0.2 4.3 16:40 -2.9 22:40 18.6 0.0 0.0 11.9 40.2 0:50 WSW 9 1.3 5.6 14:50 -3.3 3:40 17.0 0.0 2.4 4.7 20.9 3:50 N 10 8.4 15.5 12:50 3.8 0:20 9.9 0.0 11.8 4.5 45.1 13:20 N 11 7.8 10.3 15:40 4.8 6:10 10.5 0.0 11.2 3.9 29.0 21:40 N 12 3.2 7.1 0:10 2.1 12:00 15.1 0.0 13.4 5.8 25.7 2:40 N 13 4.4 8.3 16:00 1.6 8:40 13.9 0.0 0.0 5.3 24.1 11:40 S 14 1.3 2.7 9:30 0.2 7:50 6.7 0.0 0.0 6.8 19.3 2:50 S 15 16 17 18 19 20 21 22 23 24 25 26 27 28 29 30 31 ------------------------------------------------------------------------------------- 3.3 15.5 10 -3.4 6 200.6 0.0 91.8 7.2 49.9 1 N Max >= 32.0: 0 Max <= 0.0: 0 Min <= 0.0: 6 Min <= -18.0: 0 Max Rain: 28.60 ON 01-01-19 Days of Rain: 9 (> .2 mm) 6 (> 2 mm) 2 (> 20 mm) Heat Base: 18.3 Cool Base: 18.3 Method: Integration