NOAA-style Climate Reports

2018: Jan | Feb | Mar | Apr | May | Jun | Jul | Aug | Sep | Oct | Nov | Dec 
2017: Jan | Feb | Mar | Apr | May | Jun | Jul | Aug | Sep | Oct | Nov | Dec 
2016: Jan | Feb | Mar | Apr | May | Jun | Jul | Aug | Sep | Oct | Nov | Dec 
2015: Jan | Feb | Mar | Apr | May | Jun | Jul | Aug | Sep | Oct | Nov | Dec 
2014: Jan | Feb | Mar | Apr | May | Jun | Jul | Aug | Sep | Oct | Nov | Dec 
2013: Jan | Feb | Mar | Apr | May | Jun | Jul | Aug | Sep | Oct | Nov | Dec 
2012: Jan | Feb | Mar | Apr | May | Jun | Jul | Aug | Sep | Oct | Nov | Dec 
2011: Jan | Feb | Mar | Apr | May | Jun | Jul | Aug | Sep | Oct | Nov | Dec 
2010: Jan | Feb | Mar | Apr | May | Jun | Jul | Aug | Sep | Oct | Nov | Dec 
2009: Jan | Feb | Mar | Apr | May | Jun | Jul | Aug | Sep | Oct | Nov | Dec 
2008: Jan | Feb | Mar | Apr | May | Jun | Jul | Aug | Sep | Oct | Nov | Dec 
 2007: Jan | Feb | Mar | Apr | May | Jun | Jul | Aug | Sep | Oct | Nov | Dec 
 2006: Jan | Feb | Mar | Apr | May | Jun | Jul | Aug | Sep | Oct | Nov | Dec 

Report for 2018 07
MONTHLY CLIMATOLOGICAL SUMMARY for JUL. 2018 NAME: SV1DOD CITY: STATE: ELEV: 35 m LAT: 38 48' 00" N LONG: 22 42' 00" E TEMPERATURE (C), RAIN (mm), WIND SPEED (km/hr) HEAT COOL AVG MEAN DEG DEG WIND DOM DAY TEMP HIGH TIME LOW TIME DAYS DAYS RAIN SPEED HIGH TIME DIR ------------------------------------------------------------------------------------ 1 26.6 31.6 14:10 20.5 6:10 0.0 8.2 0.0 6.4 27.4 16:30 S 2 26.6 32.1 16:20 20.7 5:00 0.0 8.3 0.0 5.8 25.7 15:20 S 3 27.2 33.1 16:40 21.6 6:00 0.0 8.8 0.0 4.8 20.9 13:30 NE 4 27.8 33.8 15:50 21.8 6:40 0.0 9.4 0.0 5.0 20.9 15:20 S 5 28.2 33.7 16:30 22.2 5:40 0.0 9.9 0.0 5.3 25.7 17:40 S 6 28.4 33.6 16:20 23.2 6:50 0.0 10.1 0.0 5.1 22.5 18:10 S 7 26.9 31.8 14:30 21.7 22:40 0.0 8.6 12.6 6.3 43.5 21:10 S 8 23.1 29.4 14:30 19.1 00:00 0.0 4.8 8.8 5.1 25.7 14:50 S 9 23.4 28.6 17:00 18.3 5:40 0.0 5.1 1.0 7.2 29.0 15:50 NE 10 24.1 29.2 17:20 18.4 6:20 0.0 5.7 0.0 5.3 22.5 15:20 NE 11 25.9 31.3 15:20 20.3 6:30 0.0 7.6 0.0 5.8 22.5 16:00 S 12 27.2 33.2 16:30 20.7 6:50 0.0 8.9 0.0 6.0 19.3 16:00 S 13 28.0 33.6 16:50 22.0 7:00 0.0 9.7 0.0 6.3 25.7 17:00 NE 14 28.1 33.2 16:10 22.6 6:30 0.0 9.7 0.0 6.1 27.4 18:20 NE 15 27.8 32.8 15:30 22.2 7:20 0.0 9.4 0.0 7.7 25.7 17:20 NE 16 27.8 33.9 17:20 21.9 5:50 0.0 9.4 0.0 6.1 22.5 3:50 NE 17 29.6 37.5 16:50 22.3 6:50 0.0 11.2 0.0 7.1 29.0 17:30 S 18 28.7 32.4 15:30 23.6 7:00 0.0 10.4 0.0 7.4 35.4 11:30 NE 19 24.4 29.6 10:30 22.4 3:50 0.0 2.7 0.0 6.1 22.5 4:40 S 20 21 22 23 24 25 26 27 28 29 30 31 ------------------------------------------------------------------------------------- 26.8 37.5 17 18.3 9 0.0 157.8 22.4 6.1 43.5 7 S Max >= 32.0: 12 Max <= 0.0: 0 Min <= 0.0: 0 Min <= -18.0: 0 Max Rain: 12.60 ON 07-07-18 Days of Rain: 3 (> .2 mm) 2 (> 2 mm) 0 (> 20 mm) Heat Base: 18.3 Cool Base: 18.3 Method: Integration