NOAA-style Climate Reports

2018: Jan | Feb | Mar | Apr | May | Jun | Jul | Aug | Sep | Oct | Nov | Dec 
2017: Jan | Feb | Mar | Apr | May | Jun | Jul | Aug | Sep | Oct | Nov | Dec 
2016: Jan | Feb | Mar | Apr | May | Jun | Jul | Aug | Sep | Oct | Nov | Dec 
2015: Jan | Feb | Mar | Apr | May | Jun | Jul | Aug | Sep | Oct | Nov | Dec 
2014: Jan | Feb | Mar | Apr | May | Jun | Jul | Aug | Sep | Oct | Nov | Dec 
2013: Jan | Feb | Mar | Apr | May | Jun | Jul | Aug | Sep | Oct | Nov | Dec 
2012: Jan | Feb | Mar | Apr | May | Jun | Jul | Aug | Sep | Oct | Nov | Dec 
2011: Jan | Feb | Mar | Apr | May | Jun | Jul | Aug | Sep | Oct | Nov | Dec 
2010: Jan | Feb | Mar | Apr | May | Jun | Jul | Aug | Sep | Oct | Nov | Dec 
2009: Jan | Feb | Mar | Apr | May | Jun | Jul | Aug | Sep | Oct | Nov | Dec 
2008: Jan | Feb | Mar | Apr | May | Jun | Jul | Aug | Sep | Oct | Nov | Dec 
 2007: Jan | Feb | Mar | Apr | May | Jun | Jul | Aug | Sep | Oct | Nov | Dec 
 2006: Jan | Feb | Mar | Apr | May | Jun | Jul | Aug | Sep | Oct | Nov | Dec 

Report for 2018 05
MONTHLY CLIMATOLOGICAL SUMMARY for MAY. 2018 NAME: SV1DOD CITY: STATE: ELEV: 35 m LAT: 38 48' 00" N LONG: 22 42' 00" E TEMPERATURE (C), RAIN (mm), WIND SPEED (km/hr) HEAT COOL AVG MEAN DEG DEG WIND DOM DAY TEMP HIGH TIME LOW TIME DAYS DAYS RAIN SPEED HIGH TIME DIR ------------------------------------------------------------------------------------ 1 20.9 28.0 16:10 14.8 7:10 0.8 3.3 0.0 5.0 24.1 16:40 NE 2 20.1 26.1 15:20 14.4 7:10 0.8 2.6 0.0 5.3 25.7 14:30 S 3 19.7 24.7 13:30 15.8 1:40 0.6 1.9 0.0 4.7 27.4 15:30 N 4 20.6 26.0 14:20 16.1 7:00 0.6 2.8 0.0 5.1 22.5 14:40 S 5 19.4 23.3 14:10 16.4 22:30 0.4 1.4 5.4 5.0 25.7 21:10 S 6 17.2 20.2 13:20 14.3 5:20 1.4 0.3 7.4 3.1 22.5 0:40 S 7 17.8 22.2 18:10 15.8 3:00 1.2 0.7 15.0 1.9 17.7 23:50 S 8 18.8 23.6 16:50 14.9 5:20 1.1 1.6 0.6 5.3 22.5 17:50 S 9 19.8 26.0 17:10 13.6 5:50 1.2 2.7 0.0 6.0 30.6 18:30 S 10 17.7 23.7 12:20 14.4 6:40 1.5 0.9 6.2 5.1 19.3 23:30 S 11 17.7 22.2 17:50 13.4 4:50 1.7 1.1 0.2 5.8 30.6 19:00 S 12 19.3 25.0 15:00 14.6 5:50 1.3 2.2 0.0 5.5 22.5 17:30 S 13 19.7 24.7 17:50 14.7 4:40 0.9 2.2 0.0 6.1 29.0 15:50 NE 14 21.1 28.1 15:10 15.5 4:50 0.7 3.4 0.0 4.8 20.9 16:30 NE 15 23.2 30.2 16:50 17.1 7:00 0.1 4.9 0.0 6.1 24.1 14:30 NE 16 24.4 28.7 13:50 19.7 6:50 0.0 6.1 0.0 6.0 32.2 17:10 S 17 23.1 27.4 15:10 19.1 0:50 0.0 4.8 0.0 4.8 27.4 4:00 NE 18 23.2 27.9 13:50 19.3 6:20 0.0 4.8 0.0 3.7 22.5 17:10 NE 19 22.2 27.3 15:50 16.9 6:10 0.1 4.0 0.0 4.2 20.9 16:30 S 20 21.1 27.1 14:30 17.3 6:30 0.1 2.8 1.8 5.8 32.2 15:50 S 21 21.0 25.7 15:40 16.9 6:50 0.2 2.9 0.2 5.8 30.6 16:40 S 22 21.3 26.6 16:10 15.1 6:00 0.6 3.2 0.0 7.7 32.2 16:20 S 23 24 25 26 27 28 29 30 31 ------------------------------------------------------------------------------------- 20.4 30.2 15 13.4 11 15.0 60.7 36.8 5.1 32.2 16 S Max >= 32.0: 0 Max <= 0.0: 0 Min <= 0.0: 0 Min <= -18.0: 0 Max Rain: 15.01 ON 07-05-18 Days of Rain: 8 (> .2 mm) 4 (> 2 mm) 0 (> 20 mm) Heat Base: 18.3 Cool Base: 18.3 Method: Integration