NOAA-style Climate Reports

2018: Jan | Feb | Mar | Apr | May | Jun | Jul | Aug | Sep | Oct | Nov | Dec 
2017: Jan | Feb | Mar | Apr | May | Jun | Jul | Aug | Sep | Oct | Nov | Dec 
2016: Jan | Feb | Mar | Apr | May | Jun | Jul | Aug | Sep | Oct | Nov | Dec 
2015: Jan | Feb | Mar | Apr | May | Jun | Jul | Aug | Sep | Oct | Nov | Dec 
2014: Jan | Feb | Mar | Apr | May | Jun | Jul | Aug | Sep | Oct | Nov | Dec 
2013: Jan | Feb | Mar | Apr | May | Jun | Jul | Aug | Sep | Oct | Nov | Dec 
2012: Jan | Feb | Mar | Apr | May | Jun | Jul | Aug | Sep | Oct | Nov | Dec 
2011: Jan | Feb | Mar | Apr | May | Jun | Jul | Aug | Sep | Oct | Nov | Dec 
2010: Jan | Feb | Mar | Apr | May | Jun | Jul | Aug | Sep | Oct | Nov | Dec 
2009: Jan | Feb | Mar | Apr | May | Jun | Jul | Aug | Sep | Oct | Nov | Dec 
2008: Jan | Feb | Mar | Apr | May | Jun | Jul | Aug | Sep | Oct | Nov | Dec 
 2007: Jan | Feb | Mar | Apr | May | Jun | Jul | Aug | Sep | Oct | Nov | Dec 
 2006: Jan | Feb | Mar | Apr | May | Jun | Jul | Aug | Sep | Oct | Nov | Dec 

Report for 2018 11
MONTHLY CLIMATOLOGICAL SUMMARY for NOV. 2018 NAME: SV1DOD CITY: STATE: ELEV: 35 m LAT: 38 48' 00" N LONG: 22 42' 00" E TEMPERATURE (C), RAIN (mm), WIND SPEED (km/hr) HEAT COOL AVG MEAN DEG DEG WIND DOM DAY TEMP HIGH TIME LOW TIME DAYS DAYS RAIN SPEED HIGH TIME DIR ------------------------------------------------------------------------------------ 1 18.4 23.2 14:50 15.4 5:40 1.1 1.1 0.0 3.2 16.1 1:10 N 2 18.4 23.2 14:50 14.8 6:40 1.3 1.4 0.0 3.9 16.1 1:30 N 3 16.6 21.1 13:10 13.0 5:40 2.3 0.6 0.0 4.2 22.5 16:50 N 4 16.0 19.8 12:50 12.7 00:00 2.4 0.2 0.0 4.5 27.4 15:10 N 5 14.8 19.0 15:50 12.0 6:50 3.6 0.1 0.0 4.7 17.7 2:00 N 6 14.6 19.5 13:10 10.4 7:00 3.8 0.1 0.0 5.6 22.5 14:30 N 7 15.9 19.3 13:10 13.8 0:10 2.4 0.0 0.0 3.7 20.9 15:20 N 8 14.6 16.7 12:40 13.2 22:20 3.7 0.0 7.4 2.7 20.9 4:00 N 9 13.0 15.4 15:30 10.7 23:30 5.3 0.0 0.2 3.5 17.7 4:30 S 10 12.6 16.9 13:50 9.5 6:00 5.8 0.0 0.0 5.6 20.9 2:30 N 11 13.3 18.1 15:30 10.3 7:00 5.1 0.0 0.0 5.6 22.5 0:20 N 12 12.8 17.8 15:30 9.6 5:50 5.5 0.0 0.0 5.1 17.7 23:10 N 13 13.2 18.0 13:30 9.2 2:00 5.2 0.0 0.0 4.3 17.7 0:20 N 14 12.8 16.7 14:50 10.1 21:50 5.5 0.0 0.0 4.5 17.7 13:40 N 15 11.4 12.0 2:10 10.2 7:20 2.4 0.0 0.0 4.2 14.5 8:20 S 16 17 18 19 20 21 22 23 24 25 26 27 28 29 30 ------------------------------------------------------------------------------------- 14.6 23.2 1 9.2 13 55.4 3.4 7.6 4.4 27.4 4 N Max >= 32.0: 0 Max <= 0.0: 0 Min <= 0.0: 0 Min <= -18.0: 0 Max Rain: 7.39 ON 08-11-18 Days of Rain: 2 (> .2 mm) 1 (> 2 mm) 0 (> 20 mm) Heat Base: 18.3 Cool Base: 18.3 Method: Integration